der when 995901 is divided by 31.
26
Calculate the remainder when 19957 is divided by 1121.
900
Calculate the remainder when 739710 is divided by 67.
30
What is the remainder when 1921637 is divided by 21116?
81
What is the remainder when 284270 is divided by 3389?
2983
What is the remainder when 135965667 is divided by 4297?
4290
What is the remainder when 7300650 is divided by 68874?
6
Calculate the remainder when 76505762 is divided by 371.
368
Calculate the remainder when 12626134 is divided by 1402903.
7
Calculate the remainder when 21548011 is divided by 103.
102
Calculate the remainder when 891498 is divided by 93.
0
Calculate the remainder when 1733136 is divided by 108320.
16
What is the remainder when 35471142 is divided by 5?
2
What is the remainder when 1591976 is divided by 77?
1
What is the remainder when 1572925 is divided by 2721?
187
Calculate the remainder when 35644 is divided by 5095.
5074
Calculate the remainder when 50757579 is divided by 1156.
1087
Calculate the remainder when 585466 is divided by 19515.
16
Calculate the remainder when 1637720 is divided by 186.
176
What is the remainder when 902946 is divided by 419?
1
Calculate the remainder when 1255480 is divided by 3403.
3176
What is the remainder when 12088 is divided by 2588?
1736
What is the remainder when 12361 is divided by 75?
61
Calculate the remainder when 24337835 is divided by 2648.
67
What is the remainder when 180283 is divided by 60017?
232
Calculate the remainder when 1153504 is divided by 2148.
28
What is the remainder when 1714010 is divided by 1337?
1313
What is the remainder when 2579349 is divided by 24?
21
What is the remainder when 32309830 is divided by 103?
69
Calculate the remainder when 26612 is divided by 5317.
27
What is the remainder when 48071097 is divided by 77?
74
What is the remainder when 204178410 is divided by 53?
44
Calculate the remainder when 13197076 is divided by 134664.
4
Calculate the remainder when 176768758 is divided by 7620.
7618
Calculate the remainder when 3986140 is divided by 13.
2
Calculate the remainder when 123733211 is divided by 9952.
9947
Calculate the remainder when 152903 is divided by 2613.
1349
Calculate the remainder when 56617667 is divided by 1111.
1107
Calculate the remainder when 1360772 is divided by 453494.
290
What is the remainder when 487473 is divided by 2006?
15
Calculate the remainder when 506795 is divided by 168829.
308
Calculate the remainder when 9624902 is divided by 292.
290
Calculate the remainder when 76872 is divided by 13.
3
Calculate the remainder when 1144270 is divided by 381373.
151
What is the remainder when 12628784 is divided by 117?
38
Calculate the remainder when 3576158 is divided by 8.
6
What is the remainder when 431923 is divided by 1367?
1318
Calculate the remainder when 48123 is divided by 11870.
643
What is the remainder when 977349618 is divided by 13?
11
Calculate the remainder when 8429815 is divided by 2809924.
43
What is the remainder when 9610818 is divided by 686?
644
What is the remainder when 4335258 is divided by 172?
170
What is the remainder when 2217616 is divided by 1184?
1168
What is the remainder when 1207237 is divided by 6897?
262
What is the remainder when 32312819 is divided by 1539?
1514
What is the remainder when 12906 is divided by 132?
102
What is the remainder when 61892458 is divided by 90?
88
What is the remainder when 193933025 is divided by 1900?
25
What is the remainder when 17252 is divided by 820?
32
What is the remainder when 3552074 is divided by 1488?
218
What is the remainder when 44580290 is divided by 53906?
28
What is the remainder when 92729960 is divided by 439?
429
What is the remainder when 23632540 is divided by 236325?
40
What is the remainder when 127354 is divided by 15566?
2826
Calculate the remainder when 4215481 is divided by 702576.
25
Calculate the remainder when 117071 is divided by 113982.
3089
What is the remainder when 45391 is divided by 13782?
4045
Calculate the remainder when 253584 is divided by 462.
408
Calculate the remainder when 17990448 is divided by 35.
28
Calculate the remainder when 251222 is divided by 102.
98
What is the remainder when 3489826 is divided by 1337?
256
What is the remainder when 7503009 is divided by 248?
17
What is the remainder when 188244 is divided by 1192?
1100
What is the remainder when 239747 is divided by 39209?
4493
What is the remainder when 487363 is divided by 487142?
221
What is the remainder when 2917547 is divided by 729230?
627
Calculate the remainder when 483677 is divided by 23031.
26
Calculate the remainder when 54849386 is divided by 44.
42
Calculate the remainder when 3226816 is divided by 452.
440
What is the remainder when 71639 is divided by 2215?
759
What is the remainder when 120443 is divided by 154?
15
Calculate the remainder when 117545 is divided by 639.
608
Calculate the remainder when 25923056 is divided by 29.
14
What is the remainder when 21932083 is divided by 113?
26
What is the remainder when 256652 is divided by 11915?
6437
What is the remainder when 4902827 is divided by 11245?
7
Calculate the remainder when 4003465 is divided by 958.
941
What is the remainder when 294312 is divided by 286894?
7418
Calculate the remainder when 8324022 is divided by 80.
22
Calculate the remainder when 215332 is divided by 5086.
1720
What is the remainder when 79710 is divided by 217?
71
Calculate the remainder when 44466747 is divided by 4.
3
Calculate the remainder when 19578 is divided by 4996.
4590
Calculate the remainder when 16230659 is divided by 58.
55
What is the remainder when 251477 is divided by 788?
105
Calculate the remainder when 279041 is divided by 14677.
178
What is the remainder when 26097294 is divided by 25?
19
What is the remainder when 134935 is divided by 5184?
151
What is the remainder when 7327718 is divided by 4752?
134
Calculate the remainder when 266963 is divided by 383.
12
What is the remainder when 24627861 is divided by 505?
21
What is the remainder when 79071 is divided by 1521?
1500
What is the remainder when 1008087 is divided by 3488?
55
What is the remainder when 33350 is divided by 611?
356
Calculate the remainder when 7979720 is divided by 43.
38
Calculate the remainder when 266080 is divided by 1129.
765
What is the remainder when 3092861 is divided by 21330?
11
What is the remainder when 78827054 is divided by 109?
107
What is the remainder when 132866003 is divided by 1199?
17
Calculate the remainder when 153218 is divided by 76549.
120
What is the remainder when 922523 is divided by 8233?
427
What is the remainder when 472240 is divided by 233171?
5898
What is the remainder when 752718873 is divided by 39?
36
Calculate the remainder when 406527 is divided by 167.
49
What is the remainder when 10229070 is divided by 538372?
2
What is the remainder when 6467961 is divided by 24?
9
Calculate the remainder when 358897538 is divided by 25.
13
What is the remainder when 26382491 is divided by 2970?
2951
What is the remainder when 1220489 is divided by 1916?
1913
Calculate the remainder when 2015231 is divided by 254.
249
What is the remainder when 349121 is divided by 2182?
1
Calculate the remainder when 168994 is divided by 16721.
1784
Calculate the remainder when 429796 is divided by 1546.
8
What is the remainder when 30634 is divided by 30634?
0
Calculate the remainder when 51449860 is divided by 1513231.
6
What is the remainder when 105775 is divided by 569?
510
What is the remainder when 622674 is divided by 310742?
1190
Calculate the remainder when 107478378 is divided by 11.
7
Calculate the remainder when 6269330 is divided by 1768.
2
Calculate the remainder when 15572471 is divided by 3893094.
95
Calculate the remainder when 158179 is divided by 34.
11
Calculate the remainder when 13485677 is divided by 51472.
13
Calculate the remainder when 1413233950 is divided by 26.
24
What is the remainder when 16251443 is divided by 519?
515
What is the remainder when 1088929 is divided by 1962?
19
Calculate the remainder when 6925737 is divided by 891.
885
Calculate the remainder when 14409705 is divided by 175728.
9
What is the remainder when 114465138 is divided by 797?
795
Calculate the remainder when 240237 is divided by